number?
True
Is 5837929599 a composite number?
True
Is 182006462333 a composite number?
True
Is 996154473 a composite number?
True
Is 146321821 a prime number?
False
Is 15990065347 a composite number?
False
Is 5570098871 a prime number?
True
Is 13926566366 composite?
True
Is 645650933 a prime number?
True
Is 4006479667 composite?
False
Is 5448393941 a prime number?
True
Is 7619864981 a prime number?
False
Is 1963433999 composite?
False
Is 143835157 prime?
False
Is 2341993949 prime?
False
Is 912361543 composite?
True
Is 1403409893 prime?
False
Is 19839040901 a composite number?
True
Is 177733603483 a composite number?
True
Is 661634009 a prime number?
True
Is 2791605763 a prime number?
False
Is 173183419 a composite number?
True
Is 1289079031 prime?
True
Is 70443701 prime?
False
Is 6455829749 composite?
False
Is 4818964867 composite?
False
Is 18611960413 prime?
True
Is 4516417973 prime?
False
Is 5057731949 a prime number?
True
Is 2159527703 a composite number?
False
Is 436842701 a prime number?
False
Is 45917797 a composite number?
False
Is 7072086737 prime?
False
Is 4897636343 composite?
False
Is 863784139 prime?
True
Is 1798039351 a prime number?
False
Is 6924393533 a composite number?
True
Is 38325886939 a composite number?
False
Is 100473442 a prime number?
False
Is 1085407523 composite?
True
Is 1193041427 prime?
True
Is 897968341 prime?
False
Is 6078461731 a prime number?
False
Is 73812037337 composite?
False
Is 1177316417 a composite number?
False
Is 56410999 a composite number?
False
Is 130223783 composite?
False
Is 23603561 composite?
False
Is 6613186819 composite?
False
Is 624598867 composite?
True
Is 31963736989 a composite number?
False
Is 2238046543 composite?
False
Is 1177788971 a composite number?
False
Is 287860567 a prime number?
True
Is 363299017 composite?
True
Is 277124501 a prime number?
True
Is 2617300211 a prime number?
True
Is 2637770491 a composite number?
False
Is 4464846647 prime?
False
Is 5501936054 prime?
False
Is 170930717 a prime number?
False
Is 184161251 prime?
True
Is 3108527767 a composite number?
False
Is 221517977 prime?
True
Is 8574643309 prime?
False
Is 103636282553 a composite number?
True
Is 204539941 composite?
True
Is 1795685303 a composite number?
False
Is 579541051 prime?
False
Is 5205101942 a prime number?
False
Is 1507829503 a composite number?
True
Is 9765924463 a prime number?
False
Is 14528015763 composite?
True
Is 9254029319 a composite number?
False
Is 18944366867 a prime number?
False
Is 252260809 a composite number?
False
Is 428100347 composite?
False
Is 53339627501 composite?
False
Is 118065011 composite?
False
Is 4127430509 prime?
False
Is 357097733 a composite number?
True
Is 930837889 a prime number?
True
Is 4058862658 composite?
True
Is 1288542781 prime?
True
Is 10083171893 a prime number?
True
Is 316613543 prime?
False
Is 3897197131 composite?
False
Is 4333116197 a prime number?
False
Is 43081500641 composite?
False
Is 386754077 composite?
False
Is 4010545241 prime?
True
Is 7694383681 a prime number?
True
Is 2983551059 prime?
False
Is 4351118743 prime?
True
Is 115315271 a composite number?
False
Is 76775134003 a prime number?
True
Is 232756591 prime?
True
Is 62047490497 composite?
False
Is 37552603663 a composite number?
True
Is 20350434866 prime?
False
Is 68268562463 prime?
False
Is 2182126987 prime?
False
Is 45507893 prime?
True
Is 104329463 prime?
False
Is 92979343 prime?
True
Is 83150287321 a prime number?
True
Is 6806857207 a prime number?
True
Is 76980132743 prime?
True
Is 7804213051 a prime number?
False
Is 1182743021 prime?
True
Is 621510437 prime?
True
Is 386171299 composite?
False
Is 3301136561 a prime number?
True
Is 3613385011 composite?
False
Is 6478723 a prime number?
True
Is 87419451901 prime?
True
Is 32214111181 a prime number?
False
Is 268545293 a prime number?
False
Is 595160963 composite?
False
Is 1310028179 a prime number?
False
Is 83722378253 a composite number?
False
Is 288195643 prime?
False
Is 1063574093 a prime number?
True
Is 21781228457 prime?
False
Is 261466279 a composite number?
False
Is 4728333703 a composite number?
False
Is 648125869 composite?
False
Is 28796955013 a composite number?
True
Is 4459225457 prime?
True
Is 1992139571 prime?
True
Is 1252104493 prime?
False
Is 51673848767 prime?
False
Is 393769459 a prime number?
False
Is 436420799 composite?
False
Is 1634084147 a prime number?
False
Is 3014667419 composite?
False
Is 15214512139 a prime number?
False
Is 358336465 a prime number?
False
Is 1672436737 a prime number?
False
Is 936292517 a composite number?
False
Is 1582329427 composite?
True
Is 1320556873 a composite number?
False
Is 3755857543 composite?
True
Is 8011467911 a prime number?
True
Is 22294426403 prime?
False
Is 42028802149 composite?
False
Is 60241991365 a composite number?
True
Is 23710279207 a composite number?
False
Is 8922150091 composite?
False
Is 385691771 a prime number?
True
Is 921241999 a prime number?
False
Is 2838441083 a composite number?
False
Is 282767639771 composite?
False
Is 2126873219 a composite number?
False
Is 21285803599 prime?
True
Is 112628074523 a composite number?
False
Is 1052102369 prime?
True
Is 2604579253 a prime number?
False
Is 72651841 a composite number?
False
Is 583313527019 prime?
True
Is 13747215043 prime?
True
Is 797972753 a composite number?
True
Is 249028328503 a prime number?
True
Is 7314336217 composite?
True
Is 10966993 a prime number?
False
Is 61844053567 composite?
False
Is 1591725202 a prime number?
False
Is 1205885453 a composite number?
True
Is 6534593279 prime?
True
Is 59398137919 composite?
True
Is 539613979 a prime number?
False
Is 265996867 a composite number?
True
Is 18298581569 a prime number?
False
Is 191492087 a composite number?
True
Is 380767402351 a prime number?
False
Is 671280299 a prime number?
False
Is 188788813 a prime number?
True
Is 106164278047 a composite number?
True
Is 192946027 a prime number?
False
Is 893064637 a prime number?
True
Is 155532527 a composite number?
True
Is 212531809 prime?
False
Is 5956244367 prime?
False
Is 2032682881 a prime number?
False
Is 6910035049 a prime number?
True
Is 41043741139 a prime number?
True
Is 7771136413 a composite number?
False
Is 6403939 prime?
True
Is 1505333201 composite?
True
Is 36793801609 composite?
False
Is 998078929 prime?
False
Is 70183007 a prime number?
True
Is 4521374153 composite?
False
Is 25582538221 a prime number?
False
Is 18188646269 composite?
True
Is 364467401 a prime number?
False
Is 5067647 a prime number?
False
Is 172175657 a composite number?
True
Is 15811885447 composite?
False
Is 54594528929 prime?
True
Is 1304541407 a prime number?
False
Is 5245530731 prime?
False
Is 21884209 composite?
False
Is 10292221931 prime?
True
Is 995139703 prime?
True
Is 15459267 composite?
True
Is 21168672859 prime?
False
Is 80621078 a composite number?
True
Is 10814776723 a composite number?
True
Is 39498667591 a prime number?
True
Is 133300379 a composite number?
True
Is 1630133413 a prime number?
False
Is 19502407279 a composite number?
True
Is 23909069 composite?
False
Is 1947382109 a composite number?
False
Is 598805041 prime?
False
Is 94331989 prime?
True
Is 793087693 composite?
False
Is 1545478201 a composite number?
True
Is 1063377589 a prime number?
True
Is 431882189 prime?
True
Is 7908283169 a prime number?
False
Is 10173111295 a composite number?
True
Is 1691945909 prime?
True
Is 29184751 a composite number?
False
Is 36904424051 composite?
True
Is 355256249 a prime number?
False
Is 39834062599 prime?
True
Is 525949741 a prime number?
True
Is 9835679 prime?
False
Is 39001091 a composite number?
True
Is 69436303 a prime number?
False
Is 10740502081 a prime number?
False
Is 7005563209 a prime number?
True
Is 63913807 a prime number?
False
Is 415346999 composite?
True
Is 1770840133 prime?
False
Is 110393509 composite?
False
Is 2960005097 a prime number?
False
Is 37315842099 a prime number?
False
Is 1003301437 composite?
False
Is 261833279 a composite number?
False
Is 688739621 a composite number?
True
Is 482514191 a composite number?
False
Is 14384161609 composite?
True
Is 36897959729 composite?
True
Is 5074798147 composite?
False
Is 4664264351 prime?
False
Is 21459054335 prime?
False
Is 51928232651 composite?
Tr